{"id":4158,"date":"2014-10-08T14:08:12","date_gmt":"2014-10-08T14:08:12","guid":{"rendered":"http:\/\/www.bakutrading.ch\/n\/?post_type=product&#038;p=4158"},"modified":"2016-06-16T14:52:32","modified_gmt":"2016-06-16T14:52:32","slug":"afrikanische-maske","status":"publish","type":"product","link":"http:\/\/www.bakutrading.ch\/n\/produkt\/afrikanische-maske\/","title":{"rendered":"Afrikanische Maske"},"content":{"rendered":"<p>Holz \/ Metall: gepunzt<\/p>\n<p>Herkunftsland: Westafrika<\/p>\n<p>Handarbeit<\/p>\n<p>Unikat<\/p>\n<p>&nbsp;<\/p>\n<p><strong>Zeitgen\u00f6ssische Masken aus Westafrika<\/strong><\/p>\n<p>Masken sind in der afrikanischen Kultur wichtige Bestandteile von Ritualen und Zeremonien. So werden je nach Sujet Tiere, K\u00f6nige, H\u00e4uptlinge aber auch das Wetter, der Regen, die Sonne usw. verehrt oder herbei gew\u00fcnscht.<\/p>\n<p>Im zentralen und westlichen Teil des Kontinents ist das verwenden von Masken zur Darstellung von W\u00fcnschen und Klagen am meisten verbreitet. So werden in L\u00e4ndern wie Ghana, Kamerun, Gabun, Elfenbeink\u00fcste traditionell die sch\u00f6nsten Masken hergestellt. Meistens ist die Herkunft der Masken nicht auf ein Land bezogen sondern auf eine Ethnie und somit nicht an Landesgrenzen gebunden.<\/p>\n<p>Dank der nachtr\u00e4glich angebrachten Halterungen und Bodenplatten sind alle Masken selbstst\u00e4ndig aufrecht stehend. Die Halterungen k\u00f6nnen individuell der L\u00e4nge (25cm-150cm) angepasst oder\u00a0auch\u00a0jederzeit leicht entfernt werden.<\/p>\n","protected":false},"excerpt":{"rendered":"<ul>\n<li>mit St\u00e4nder &#8211; die L\u00e4nge, 25cm-150cm,\u00a0kann individuell angepasst werden<\/li>\n<li>B 30cm H 60cm<\/li>\n<\/ul>\n","protected":false},"featured_media":4637,"comment_status":"closed","ping_status":"closed","template":"","meta":{"ngg_post_thumbnail":0},"product_brand":[],"product_cat":[103],"product_tag":[],"class_list":{"0":"post-4158","1":"product","2":"type-product","3":"status-publish","4":"has-post-thumbnail","6":"product_cat-afrikanische_zeitgenoessische_masken_","8":"first","9":"instock","10":"shipping-taxable","11":"purchasable","12":"product-type-simple"},"yoast_head":"<!-- This site is optimized with the Yoast SEO plugin v27.2 - https:\/\/yoast.com\/product\/yoast-seo-wordpress\/ -->\n<title>Afrikanische Maske - BaKu Trading GmbH<\/title>\n<meta name=\"description\" content=\"Afrikanische Masken zu fairen Preisen, alle Kunstwerke sind Unikate und von \u00f6rtlichen K\u00fcnstlern gestaltet. Spezielle Halterungen lassen die Masken stehen.\" \/>\n<meta name=\"robots\" content=\"index, follow, max-snippet:-1, max-image-preview:large, max-video-preview:-1\" \/>\n<link rel=\"canonical\" href=\"https:\/\/www.bakutrading.ch\/n\/produkt\/afrikanische-maske\/\" \/>\n<meta property=\"og:locale\" content=\"de_DE\" \/>\n<meta property=\"og:type\" content=\"article\" \/>\n<meta property=\"og:title\" content=\"Afrikanische Maske - BaKu Trading GmbH\" \/>\n<meta property=\"og:description\" content=\"Afrikanische Masken zu fairen Preisen, alle Kunstwerke sind Unikate und von \u00f6rtlichen K\u00fcnstlern gestaltet. Spezielle Halterungen lassen die Masken stehen.\" \/>\n<meta property=\"og:url\" content=\"https:\/\/www.bakutrading.ch\/n\/produkt\/afrikanische-maske\/\" \/>\n<meta property=\"og:site_name\" content=\"BaKu Trading GmbH\" \/>\n<meta property=\"article:modified_time\" content=\"2016-06-16T14:52:32+00:00\" \/>\n<meta property=\"og:image\" content=\"https:\/\/www.bakutrading.ch\/n\/wp-content\/uploads\/2014\/10\/K1_2aa-768x1024.jpg\" \/>\n\t<meta property=\"og:image:width\" content=\"768\" \/>\n\t<meta property=\"og:image:height\" content=\"1024\" \/>\n\t<meta property=\"og:image:type\" content=\"image\/jpeg\" \/>\n<meta name=\"twitter:label1\" content=\"Gesch\u00e4tzte Lesezeit\" \/>\n\t<meta name=\"twitter:data1\" content=\"1\u00a0Minute\" \/>\n<script type=\"application\/ld+json\" class=\"yoast-schema-graph\">{\"@context\":\"https:\/\/schema.org\",\"@graph\":[{\"@type\":\"WebPage\",\"@id\":\"https:\/\/www.bakutrading.ch\/n\/produkt\/afrikanische-maske\/\",\"url\":\"https:\/\/www.bakutrading.ch\/n\/produkt\/afrikanische-maske\/\",\"name\":\"Afrikanische Maske - BaKu Trading GmbH\",\"isPartOf\":{\"@id\":\"http:\/\/www.bakutrading.ch\/n\/#website\"},\"primaryImageOfPage\":{\"@id\":\"https:\/\/www.bakutrading.ch\/n\/produkt\/afrikanische-maske\/#primaryimage\"},\"image\":{\"@id\":\"https:\/\/www.bakutrading.ch\/n\/produkt\/afrikanische-maske\/#primaryimage\"},\"thumbnailUrl\":\"http:\/\/www.bakutrading.ch\/n\/wp-content\/uploads\/2014\/10\/K1_2aa.jpg\",\"datePublished\":\"2014-10-08T14:08:12+00:00\",\"dateModified\":\"2016-06-16T14:52:32+00:00\",\"description\":\"Afrikanische Masken zu fairen Preisen, alle Kunstwerke sind Unikate und von \u00f6rtlichen K\u00fcnstlern gestaltet. Spezielle Halterungen lassen die Masken stehen.\",\"breadcrumb\":{\"@id\":\"https:\/\/www.bakutrading.ch\/n\/produkt\/afrikanische-maske\/#breadcrumb\"},\"inLanguage\":\"de\",\"potentialAction\":[{\"@type\":\"ReadAction\",\"target\":[\"https:\/\/www.bakutrading.ch\/n\/produkt\/afrikanische-maske\/\"]}]},{\"@type\":\"ImageObject\",\"inLanguage\":\"de\",\"@id\":\"https:\/\/www.bakutrading.ch\/n\/produkt\/afrikanische-maske\/#primaryimage\",\"url\":\"http:\/\/www.bakutrading.ch\/n\/wp-content\/uploads\/2014\/10\/K1_2aa.jpg\",\"contentUrl\":\"http:\/\/www.bakutrading.ch\/n\/wp-content\/uploads\/2014\/10\/K1_2aa.jpg\",\"width\":3240,\"height\":4320},{\"@type\":\"BreadcrumbList\",\"@id\":\"https:\/\/www.bakutrading.ch\/n\/produkt\/afrikanische-maske\/#breadcrumb\",\"itemListElement\":[{\"@type\":\"ListItem\",\"position\":1,\"name\":\"Startseite\",\"item\":\"http:\/\/www.bakutrading.ch\/n\/\"},{\"@type\":\"ListItem\",\"position\":2,\"name\":\"Shop\",\"item\":\"https:\/\/www.bakutrading.ch\/n\/shop\/\"},{\"@type\":\"ListItem\",\"position\":3,\"name\":\"Afrikanische Maske\"}]},{\"@type\":\"WebSite\",\"@id\":\"http:\/\/www.bakutrading.ch\/n\/#website\",\"url\":\"http:\/\/www.bakutrading.ch\/n\/\",\"name\":\"BaKu Trading GmbH\",\"description\":\"BaKu Trading GmbH\",\"potentialAction\":[{\"@type\":\"SearchAction\",\"target\":{\"@type\":\"EntryPoint\",\"urlTemplate\":\"http:\/\/www.bakutrading.ch\/n\/?s={search_term_string}\"},\"query-input\":{\"@type\":\"PropertyValueSpecification\",\"valueRequired\":true,\"valueName\":\"search_term_string\"}}],\"inLanguage\":\"de\"}]}<\/script>\n<!-- \/ Yoast SEO plugin. -->","yoast_head_json":{"title":"Afrikanische Maske - BaKu Trading GmbH","description":"Afrikanische Masken zu fairen Preisen, alle Kunstwerke sind Unikate und von \u00f6rtlichen K\u00fcnstlern gestaltet. Spezielle Halterungen lassen die Masken stehen.","robots":{"index":"index","follow":"follow","max-snippet":"max-snippet:-1","max-image-preview":"max-image-preview:large","max-video-preview":"max-video-preview:-1"},"canonical":"https:\/\/www.bakutrading.ch\/n\/produkt\/afrikanische-maske\/","og_locale":"de_DE","og_type":"article","og_title":"Afrikanische Maske - BaKu Trading GmbH","og_description":"Afrikanische Masken zu fairen Preisen, alle Kunstwerke sind Unikate und von \u00f6rtlichen K\u00fcnstlern gestaltet. Spezielle Halterungen lassen die Masken stehen.","og_url":"https:\/\/www.bakutrading.ch\/n\/produkt\/afrikanische-maske\/","og_site_name":"BaKu Trading GmbH","article_modified_time":"2016-06-16T14:52:32+00:00","og_image":[{"width":768,"height":1024,"url":"https:\/\/www.bakutrading.ch\/n\/wp-content\/uploads\/2014\/10\/K1_2aa-768x1024.jpg","type":"image\/jpeg"}],"twitter_misc":{"Gesch\u00e4tzte Lesezeit":"1\u00a0Minute"},"schema":{"@context":"https:\/\/schema.org","@graph":[{"@type":"WebPage","@id":"https:\/\/www.bakutrading.ch\/n\/produkt\/afrikanische-maske\/","url":"https:\/\/www.bakutrading.ch\/n\/produkt\/afrikanische-maske\/","name":"Afrikanische Maske - BaKu Trading GmbH","isPartOf":{"@id":"http:\/\/www.bakutrading.ch\/n\/#website"},"primaryImageOfPage":{"@id":"https:\/\/www.bakutrading.ch\/n\/produkt\/afrikanische-maske\/#primaryimage"},"image":{"@id":"https:\/\/www.bakutrading.ch\/n\/produkt\/afrikanische-maske\/#primaryimage"},"thumbnailUrl":"http:\/\/www.bakutrading.ch\/n\/wp-content\/uploads\/2014\/10\/K1_2aa.jpg","datePublished":"2014-10-08T14:08:12+00:00","dateModified":"2016-06-16T14:52:32+00:00","description":"Afrikanische Masken zu fairen Preisen, alle Kunstwerke sind Unikate und von \u00f6rtlichen K\u00fcnstlern gestaltet. Spezielle Halterungen lassen die Masken stehen.","breadcrumb":{"@id":"https:\/\/www.bakutrading.ch\/n\/produkt\/afrikanische-maske\/#breadcrumb"},"inLanguage":"de","potentialAction":[{"@type":"ReadAction","target":["https:\/\/www.bakutrading.ch\/n\/produkt\/afrikanische-maske\/"]}]},{"@type":"ImageObject","inLanguage":"de","@id":"https:\/\/www.bakutrading.ch\/n\/produkt\/afrikanische-maske\/#primaryimage","url":"http:\/\/www.bakutrading.ch\/n\/wp-content\/uploads\/2014\/10\/K1_2aa.jpg","contentUrl":"http:\/\/www.bakutrading.ch\/n\/wp-content\/uploads\/2014\/10\/K1_2aa.jpg","width":3240,"height":4320},{"@type":"BreadcrumbList","@id":"https:\/\/www.bakutrading.ch\/n\/produkt\/afrikanische-maske\/#breadcrumb","itemListElement":[{"@type":"ListItem","position":1,"name":"Startseite","item":"http:\/\/www.bakutrading.ch\/n\/"},{"@type":"ListItem","position":2,"name":"Shop","item":"https:\/\/www.bakutrading.ch\/n\/shop\/"},{"@type":"ListItem","position":3,"name":"Afrikanische Maske"}]},{"@type":"WebSite","@id":"http:\/\/www.bakutrading.ch\/n\/#website","url":"http:\/\/www.bakutrading.ch\/n\/","name":"BaKu Trading GmbH","description":"BaKu Trading GmbH","potentialAction":[{"@type":"SearchAction","target":{"@type":"EntryPoint","urlTemplate":"http:\/\/www.bakutrading.ch\/n\/?s={search_term_string}"},"query-input":{"@type":"PropertyValueSpecification","valueRequired":true,"valueName":"search_term_string"}}],"inLanguage":"de"}]}},"_links":{"self":[{"href":"http:\/\/www.bakutrading.ch\/n\/wp-json\/wp\/v2\/product\/4158","targetHints":{"allow":["GET"]}}],"collection":[{"href":"http:\/\/www.bakutrading.ch\/n\/wp-json\/wp\/v2\/product"}],"about":[{"href":"http:\/\/www.bakutrading.ch\/n\/wp-json\/wp\/v2\/types\/product"}],"replies":[{"embeddable":true,"href":"http:\/\/www.bakutrading.ch\/n\/wp-json\/wp\/v2\/comments?post=4158"}],"wp:featuredmedia":[{"embeddable":true,"href":"http:\/\/www.bakutrading.ch\/n\/wp-json\/wp\/v2\/media\/4637"}],"wp:attachment":[{"href":"http:\/\/www.bakutrading.ch\/n\/wp-json\/wp\/v2\/media?parent=4158"}],"wp:term":[{"taxonomy":"product_brand","embeddable":true,"href":"http:\/\/www.bakutrading.ch\/n\/wp-json\/wp\/v2\/product_brand?post=4158"},{"taxonomy":"product_cat","embeddable":true,"href":"http:\/\/www.bakutrading.ch\/n\/wp-json\/wp\/v2\/product_cat?post=4158"},{"taxonomy":"product_tag","embeddable":true,"href":"http:\/\/www.bakutrading.ch\/n\/wp-json\/wp\/v2\/product_tag?post=4158"}],"curies":[{"name":"wp","href":"https:\/\/api.w.org\/{rel}","templated":true}]}}