{"id":4347,"date":"2014-10-10T07:39:58","date_gmt":"2014-10-10T07:39:58","guid":{"rendered":"http:\/\/www.bakutrading.ch\/n\/?post_type=product&#038;p=4347"},"modified":"2018-10-02T17:07:45","modified_gmt":"2018-10-02T17:07:45","slug":"zeremonien-maske-mit-sujet-vogel-2","status":"publish","type":"product","link":"http:\/\/www.bakutrading.ch\/n\/produkt\/zeremonien-maske-mit-sujet-vogel-2\/","title":{"rendered":"Zeremonien Maske mit Sujet Vogel"},"content":{"rendered":"<p>Holz \/ Metall: gepunzt<\/p>\n<p>Herkunftsland: Ghana\/ Westafrika<\/p>\n<p>Handarbeit<\/p>\n<p>Unikat<\/p>\n<p>&nbsp;<\/p>\n<p><strong>Zeitgen\u00f6ssische Masken\u00a0aus Westafrika<\/strong><\/p>\n<p>Masken und Schilder sind in der afrikanischen Kultur wichtige Bestandteile von Ritualen und Zeremonien. So werden je nach Sujet Tiere, K\u00f6nige, H\u00e4uptlinge aber auch das Wetter, der Regen, die Sonne usw. verehrt oder herbei gew\u00fcnscht.<\/p>\n<p>Im zentralen und westlichen Teil des Kontinents ist das verwenden von Masken zur Darstellung von W\u00fcnschen und Klagen am meisten verbreitet. So werden in L\u00e4ndern wie Ghana, Kamerun, Gabun, Elfenbeink\u00fcste traditionell die sch\u00f6nsten Masken hergestellt. Meistens ist die Herkunft der Masken nicht auf ein Land bezogen sondern auf eine Ethnie und somit nicht an Landesgrenzen gebunden.<\/p>\n<p>Dank der nachtr\u00e4glich angebrachten Halterungen und Bodenplatten sind alle Masken selbstst\u00e4ndig aufrecht stehend. Die Halterungen k\u00f6nnen individuell der L\u00e4nge (25cm-150cm) angepasst oder\u00a0auch\u00a0jederzeit leicht entfernt werden.<\/p>\n","protected":false},"excerpt":{"rendered":"<ul>\n<li>mit St\u00e4nder &#8211; die L\u00e4nge, 25cm-150cm, kann individuell angepasst werden<\/li>\n<li>B 10cm H 55cm<\/li>\n<\/ul>\n","protected":false},"featured_media":5395,"comment_status":"closed","ping_status":"closed","template":"","meta":{"ngg_post_thumbnail":0},"product_brand":[],"product_cat":[103],"product_tag":[],"class_list":{"0":"post-4347","1":"product","2":"type-product","3":"status-publish","4":"has-post-thumbnail","6":"product_cat-afrikanische_zeitgenoessische_masken_","8":"first","9":"instock","10":"shipping-taxable","11":"purchasable","12":"product-type-simple"},"yoast_head":"<!-- This site is optimized with the Yoast SEO plugin v27.2 - https:\/\/yoast.com\/product\/yoast-seo-wordpress\/ -->\n<title>Zeremonien Maske mit Sujet Vogel - BaKu Trading GmbH<\/title>\n<meta name=\"description\" content=\"Zeremonien Masken zu fairen Preisen, alle Kunstwerke sind Unikate und von \u00f6rtlichen K\u00fcnstlern gestaltet. Spezielle Halterungen lassen die Masken stehen.\" \/>\n<meta name=\"robots\" content=\"index, follow, max-snippet:-1, max-image-preview:large, max-video-preview:-1\" \/>\n<link rel=\"canonical\" href=\"http:\/\/www.bakutrading.ch\/n\/produkt\/zeremonien-maske-mit-sujet-vogel-2\/\" \/>\n<meta property=\"og:locale\" content=\"de_DE\" \/>\n<meta property=\"og:type\" content=\"article\" \/>\n<meta property=\"og:title\" content=\"Zeremonien Maske mit Sujet Vogel - BaKu Trading GmbH\" \/>\n<meta property=\"og:description\" content=\"Zeremonien Masken zu fairen Preisen, alle Kunstwerke sind Unikate und von \u00f6rtlichen K\u00fcnstlern gestaltet. Spezielle Halterungen lassen die Masken stehen.\" \/>\n<meta property=\"og:url\" content=\"http:\/\/www.bakutrading.ch\/n\/produkt\/zeremonien-maske-mit-sujet-vogel-2\/\" \/>\n<meta property=\"og:site_name\" content=\"BaKu Trading GmbH\" \/>\n<meta property=\"article:modified_time\" content=\"2018-10-02T17:07:45+00:00\" \/>\n<meta property=\"og:image\" content=\"http:\/\/www.bakutrading.ch\/n\/wp-content\/uploads\/2014\/10\/L3_2aaa-768x1024.jpg\" \/>\n\t<meta property=\"og:image:width\" content=\"768\" \/>\n\t<meta property=\"og:image:height\" content=\"1024\" \/>\n\t<meta property=\"og:image:type\" content=\"image\/jpeg\" \/>\n<meta name=\"twitter:label1\" content=\"Gesch\u00e4tzte Lesezeit\" \/>\n\t<meta name=\"twitter:data1\" content=\"1\u00a0Minute\" \/>\n<script type=\"application\/ld+json\" class=\"yoast-schema-graph\">{\"@context\":\"https:\/\/schema.org\",\"@graph\":[{\"@type\":\"WebPage\",\"@id\":\"http:\/\/www.bakutrading.ch\/n\/produkt\/zeremonien-maske-mit-sujet-vogel-2\/\",\"url\":\"http:\/\/www.bakutrading.ch\/n\/produkt\/zeremonien-maske-mit-sujet-vogel-2\/\",\"name\":\"Zeremonien Maske mit Sujet Vogel - BaKu Trading GmbH\",\"isPartOf\":{\"@id\":\"http:\/\/www.bakutrading.ch\/n\/#website\"},\"primaryImageOfPage\":{\"@id\":\"http:\/\/www.bakutrading.ch\/n\/produkt\/zeremonien-maske-mit-sujet-vogel-2\/#primaryimage\"},\"image\":{\"@id\":\"http:\/\/www.bakutrading.ch\/n\/produkt\/zeremonien-maske-mit-sujet-vogel-2\/#primaryimage\"},\"thumbnailUrl\":\"http:\/\/www.bakutrading.ch\/n\/wp-content\/uploads\/2014\/10\/L3_2aaa.jpg\",\"datePublished\":\"2014-10-10T07:39:58+00:00\",\"dateModified\":\"2018-10-02T17:07:45+00:00\",\"description\":\"Zeremonien Masken zu fairen Preisen, alle Kunstwerke sind Unikate und von \u00f6rtlichen K\u00fcnstlern gestaltet. Spezielle Halterungen lassen die Masken stehen.\",\"breadcrumb\":{\"@id\":\"http:\/\/www.bakutrading.ch\/n\/produkt\/zeremonien-maske-mit-sujet-vogel-2\/#breadcrumb\"},\"inLanguage\":\"de\",\"potentialAction\":[{\"@type\":\"ReadAction\",\"target\":[\"http:\/\/www.bakutrading.ch\/n\/produkt\/zeremonien-maske-mit-sujet-vogel-2\/\"]}]},{\"@type\":\"ImageObject\",\"inLanguage\":\"de\",\"@id\":\"http:\/\/www.bakutrading.ch\/n\/produkt\/zeremonien-maske-mit-sujet-vogel-2\/#primaryimage\",\"url\":\"http:\/\/www.bakutrading.ch\/n\/wp-content\/uploads\/2014\/10\/L3_2aaa.jpg\",\"contentUrl\":\"http:\/\/www.bakutrading.ch\/n\/wp-content\/uploads\/2014\/10\/L3_2aaa.jpg\",\"width\":3240,\"height\":4320},{\"@type\":\"BreadcrumbList\",\"@id\":\"http:\/\/www.bakutrading.ch\/n\/produkt\/zeremonien-maske-mit-sujet-vogel-2\/#breadcrumb\",\"itemListElement\":[{\"@type\":\"ListItem\",\"position\":1,\"name\":\"Startseite\",\"item\":\"http:\/\/www.bakutrading.ch\/n\/\"},{\"@type\":\"ListItem\",\"position\":2,\"name\":\"Shop\",\"item\":\"https:\/\/www.bakutrading.ch\/n\/shop\/\"},{\"@type\":\"ListItem\",\"position\":3,\"name\":\"Zeremonien Maske mit Sujet Vogel\"}]},{\"@type\":\"WebSite\",\"@id\":\"http:\/\/www.bakutrading.ch\/n\/#website\",\"url\":\"http:\/\/www.bakutrading.ch\/n\/\",\"name\":\"BaKu Trading GmbH\",\"description\":\"BaKu Trading GmbH\",\"potentialAction\":[{\"@type\":\"SearchAction\",\"target\":{\"@type\":\"EntryPoint\",\"urlTemplate\":\"http:\/\/www.bakutrading.ch\/n\/?s={search_term_string}\"},\"query-input\":{\"@type\":\"PropertyValueSpecification\",\"valueRequired\":true,\"valueName\":\"search_term_string\"}}],\"inLanguage\":\"de\"}]}<\/script>\n<!-- \/ Yoast SEO plugin. -->","yoast_head_json":{"title":"Zeremonien Maske mit Sujet Vogel - BaKu Trading GmbH","description":"Zeremonien Masken zu fairen Preisen, alle Kunstwerke sind Unikate und von \u00f6rtlichen K\u00fcnstlern gestaltet. Spezielle Halterungen lassen die Masken stehen.","robots":{"index":"index","follow":"follow","max-snippet":"max-snippet:-1","max-image-preview":"max-image-preview:large","max-video-preview":"max-video-preview:-1"},"canonical":"http:\/\/www.bakutrading.ch\/n\/produkt\/zeremonien-maske-mit-sujet-vogel-2\/","og_locale":"de_DE","og_type":"article","og_title":"Zeremonien Maske mit Sujet Vogel - BaKu Trading GmbH","og_description":"Zeremonien Masken zu fairen Preisen, alle Kunstwerke sind Unikate und von \u00f6rtlichen K\u00fcnstlern gestaltet. Spezielle Halterungen lassen die Masken stehen.","og_url":"http:\/\/www.bakutrading.ch\/n\/produkt\/zeremonien-maske-mit-sujet-vogel-2\/","og_site_name":"BaKu Trading GmbH","article_modified_time":"2018-10-02T17:07:45+00:00","og_image":[{"width":768,"height":1024,"url":"http:\/\/www.bakutrading.ch\/n\/wp-content\/uploads\/2014\/10\/L3_2aaa-768x1024.jpg","type":"image\/jpeg"}],"twitter_misc":{"Gesch\u00e4tzte Lesezeit":"1\u00a0Minute"},"schema":{"@context":"https:\/\/schema.org","@graph":[{"@type":"WebPage","@id":"http:\/\/www.bakutrading.ch\/n\/produkt\/zeremonien-maske-mit-sujet-vogel-2\/","url":"http:\/\/www.bakutrading.ch\/n\/produkt\/zeremonien-maske-mit-sujet-vogel-2\/","name":"Zeremonien Maske mit Sujet Vogel - BaKu Trading GmbH","isPartOf":{"@id":"http:\/\/www.bakutrading.ch\/n\/#website"},"primaryImageOfPage":{"@id":"http:\/\/www.bakutrading.ch\/n\/produkt\/zeremonien-maske-mit-sujet-vogel-2\/#primaryimage"},"image":{"@id":"http:\/\/www.bakutrading.ch\/n\/produkt\/zeremonien-maske-mit-sujet-vogel-2\/#primaryimage"},"thumbnailUrl":"http:\/\/www.bakutrading.ch\/n\/wp-content\/uploads\/2014\/10\/L3_2aaa.jpg","datePublished":"2014-10-10T07:39:58+00:00","dateModified":"2018-10-02T17:07:45+00:00","description":"Zeremonien Masken zu fairen Preisen, alle Kunstwerke sind Unikate und von \u00f6rtlichen K\u00fcnstlern gestaltet. Spezielle Halterungen lassen die Masken stehen.","breadcrumb":{"@id":"http:\/\/www.bakutrading.ch\/n\/produkt\/zeremonien-maske-mit-sujet-vogel-2\/#breadcrumb"},"inLanguage":"de","potentialAction":[{"@type":"ReadAction","target":["http:\/\/www.bakutrading.ch\/n\/produkt\/zeremonien-maske-mit-sujet-vogel-2\/"]}]},{"@type":"ImageObject","inLanguage":"de","@id":"http:\/\/www.bakutrading.ch\/n\/produkt\/zeremonien-maske-mit-sujet-vogel-2\/#primaryimage","url":"http:\/\/www.bakutrading.ch\/n\/wp-content\/uploads\/2014\/10\/L3_2aaa.jpg","contentUrl":"http:\/\/www.bakutrading.ch\/n\/wp-content\/uploads\/2014\/10\/L3_2aaa.jpg","width":3240,"height":4320},{"@type":"BreadcrumbList","@id":"http:\/\/www.bakutrading.ch\/n\/produkt\/zeremonien-maske-mit-sujet-vogel-2\/#breadcrumb","itemListElement":[{"@type":"ListItem","position":1,"name":"Startseite","item":"http:\/\/www.bakutrading.ch\/n\/"},{"@type":"ListItem","position":2,"name":"Shop","item":"https:\/\/www.bakutrading.ch\/n\/shop\/"},{"@type":"ListItem","position":3,"name":"Zeremonien Maske mit Sujet Vogel"}]},{"@type":"WebSite","@id":"http:\/\/www.bakutrading.ch\/n\/#website","url":"http:\/\/www.bakutrading.ch\/n\/","name":"BaKu Trading GmbH","description":"BaKu Trading GmbH","potentialAction":[{"@type":"SearchAction","target":{"@type":"EntryPoint","urlTemplate":"http:\/\/www.bakutrading.ch\/n\/?s={search_term_string}"},"query-input":{"@type":"PropertyValueSpecification","valueRequired":true,"valueName":"search_term_string"}}],"inLanguage":"de"}]}},"_links":{"self":[{"href":"http:\/\/www.bakutrading.ch\/n\/wp-json\/wp\/v2\/product\/4347","targetHints":{"allow":["GET"]}}],"collection":[{"href":"http:\/\/www.bakutrading.ch\/n\/wp-json\/wp\/v2\/product"}],"about":[{"href":"http:\/\/www.bakutrading.ch\/n\/wp-json\/wp\/v2\/types\/product"}],"replies":[{"embeddable":true,"href":"http:\/\/www.bakutrading.ch\/n\/wp-json\/wp\/v2\/comments?post=4347"}],"wp:featuredmedia":[{"embeddable":true,"href":"http:\/\/www.bakutrading.ch\/n\/wp-json\/wp\/v2\/media\/5395"}],"wp:attachment":[{"href":"http:\/\/www.bakutrading.ch\/n\/wp-json\/wp\/v2\/media?parent=4347"}],"wp:term":[{"taxonomy":"product_brand","embeddable":true,"href":"http:\/\/www.bakutrading.ch\/n\/wp-json\/wp\/v2\/product_brand?post=4347"},{"taxonomy":"product_cat","embeddable":true,"href":"http:\/\/www.bakutrading.ch\/n\/wp-json\/wp\/v2\/product_cat?post=4347"},{"taxonomy":"product_tag","embeddable":true,"href":"http:\/\/www.bakutrading.ch\/n\/wp-json\/wp\/v2\/product_tag?post=4347"}],"curies":[{"name":"wp","href":"https:\/\/api.w.org\/{rel}","templated":true}]}}