{"id":9691,"date":"2018-02-07T15:27:12","date_gmt":"2018-02-07T15:27:12","guid":{"rendered":"http:\/\/www.bakutrading.ch\/n\/?post_type=product&#038;p=9691"},"modified":"2020-03-03T12:35:27","modified_gmt":"2020-03-03T12:35:27","slug":"kuduhorn","status":"publish","type":"product","link":"http:\/\/www.bakutrading.ch\/n\/produkt\/kuduhorn\/","title":{"rendered":"Kuduhorn"},"content":{"rendered":"<h2><strong>Kuduhorn \u2013 Innenhorn<\/strong><\/h2>\n<p>Es handelt sich um&nbsp;die inneren H\u00f6rner eines Kuduhorn. Die H\u00f6rner sind von Natur aus weiss und wurden poliert und behandelt, sind deshalb v\u00f6llig geruchsneutral. Eine wundersch\u00f6ne Dekoration im Glas&nbsp; mit mehreren H\u00f6rnern oder&nbsp;als Blickfang&nbsp;auf dem Tisch\u2026<\/p>\n<h2><strong>\u00dcber den Kudu<\/strong><\/h2>\n<p><strong>Der Name<\/strong> \u201eKudu\u201c stammt aus der Sprache der Khoi Khoi und wurde von diesem Volk nur auf diese Antilope angewandt, von den Wei\u00dfen dann aber auch auf den Kleinen Kudu \u00fcbertragen.<\/p>\n<p><strong>D<\/strong><strong>er Grosse&nbsp;Kudu<\/strong> <em>Greater Kudu oderTragelaphus strepsiceros<\/em> ist eine afrikanische Antilopenart. Er kommt in vielen afrikanischen Savannengebieten vor, w\u00e4hrend der \u00e4hnliche Kleine Kudu ein recht beschr\u00e4nktes Verbreitungsgebiet im \u00f6stlichen Afrika bewohnt.<\/p>\n<p><a href=\"http:\/\/www.bakutrading.ch\/n\/wp-content\/uploads\/2014\/07\/Kudu_3.jpg\"><img loading=\"lazy\" decoding=\"async\" width=\"604\" height=\"402\" class=\"alignnone wp-image-3898 size-large\" alt=\"\" src=\"http:\/\/www.bakutrading.ch\/n\/wp-content\/uploads\/2014\/07\/Kudu_3-1024x682.jpg\" srcset=\"http:\/\/www.bakutrading.ch\/n\/wp-content\/uploads\/2014\/07\/Kudu_3-1024x682.jpg 1024w, http:\/\/www.bakutrading.ch\/n\/wp-content\/uploads\/2014\/07\/Kudu_3-300x200.jpg 300w, http:\/\/www.bakutrading.ch\/n\/wp-content\/uploads\/2014\/07\/Kudu_3-475x316.jpg 475w\" sizes=\"auto, (max-width: 604px) 100vw, 604px\" \/><\/a><\/p>\n<p><strong>Beschreibung: <\/strong>Kudus sind grosse, majest\u00e4tisch anmutende Antilopen. Sie sind grau bis braungrau mit einer Anzahl vertikaler weisser Streifen auf K\u00f6rper und Keulen. Alte Bullen werden dunkler am Hals, je \u00e4lter sie werden. Zwischen den Augen befindet sich eine weisse &#8222;V&#8220;-Markierung. Bei den K\u00fchen sind durch die fehlenden H\u00f6rner die grossen weiss-gerandeten Ohren wesentlich auffallender als bei Bullen. Bei beiden Geschlechtern besteht eine Nackenm\u00e4hne, bei Bullen zus\u00e4tzlich eine Halsm\u00e4hne. Der Schwanz ist an der unteren Seite an der Spitze dunkel. Die Schulterh\u00f6he betr\u00e4gt 1.40&nbsp;m, die Kopfrumpfl\u00e4nge 2.20&nbsp;m. Die M\u00e4nnchen erreichen ein <strong>Gewicht<\/strong> von 190-270kg, die Weibchen von 120-210kg.<\/p>\n<p>&nbsp;<\/p>\n<p>&nbsp;<\/p>\n<p>&nbsp;<\/p>\n<p>&nbsp;<\/p>\n<p>&nbsp;<\/p>\n","protected":false},"excerpt":{"rendered":"<p>alle H\u00f6rner sind \u00e4hnlich und haben eine L\u00e4nge&nbsp;von 65cm \u2013 80cm<\/p>\n","protected":false},"featured_media":9621,"comment_status":"closed","ping_status":"closed","template":"","meta":{"ngg_post_thumbnail":0},"product_brand":[],"product_cat":[138],"product_tag":[],"class_list":{"0":"post-9691","1":"product","2":"type-product","3":"status-publish","4":"has-post-thumbnail","6":"product_cat-kuduhorn-innenhorn","8":"first","9":"instock","10":"shipping-taxable","11":"purchasable","12":"product-type-simple"},"yoast_head":"<!-- This site is optimized with the Yoast SEO plugin v27.2 - https:\/\/yoast.com\/product\/yoast-seo-wordpress\/ -->\n<title>Kuduhorn - BaKu Trading GmbH<\/title>\n<meta name=\"description\" content=\"Die flammen des Kudus, dabei handelt es sich um die inneren H\u00f6rner eines Kuduhorn. Sie sind von Natur aus weiss und wurden poliert.\" \/>\n<meta name=\"robots\" content=\"index, follow, max-snippet:-1, max-image-preview:large, max-video-preview:-1\" \/>\n<link rel=\"canonical\" href=\"http:\/\/www.bakutrading.ch\/n\/produkt\/kuduhorn\/\" \/>\n<meta property=\"og:locale\" content=\"de_DE\" \/>\n<meta property=\"og:type\" content=\"article\" \/>\n<meta property=\"og:title\" content=\"Kuduhorn - BaKu Trading GmbH\" \/>\n<meta property=\"og:description\" content=\"Die flammen des Kudus, dabei handelt es sich um die inneren H\u00f6rner eines Kuduhorn. Sie sind von Natur aus weiss und wurden poliert.\" \/>\n<meta property=\"og:url\" content=\"http:\/\/www.bakutrading.ch\/n\/produkt\/kuduhorn\/\" \/>\n<meta property=\"og:site_name\" content=\"BaKu Trading GmbH\" \/>\n<meta property=\"article:modified_time\" content=\"2020-03-03T12:35:27+00:00\" \/>\n<meta property=\"og:image\" content=\"http:\/\/www.bakutrading.ch\/n\/wp-content\/uploads\/2017\/12\/kudu4-1024x481.jpg\" \/>\n\t<meta property=\"og:image:width\" content=\"1024\" \/>\n\t<meta property=\"og:image:height\" content=\"481\" \/>\n\t<meta property=\"og:image:type\" content=\"image\/jpeg\" \/>\n<meta name=\"twitter:label1\" content=\"Gesch\u00e4tzte Lesezeit\" \/>\n\t<meta name=\"twitter:data1\" content=\"1\u00a0Minute\" \/>\n<script type=\"application\/ld+json\" class=\"yoast-schema-graph\">{\"@context\":\"https:\/\/schema.org\",\"@graph\":[{\"@type\":\"WebPage\",\"@id\":\"http:\/\/www.bakutrading.ch\/n\/produkt\/kuduhorn\/\",\"url\":\"http:\/\/www.bakutrading.ch\/n\/produkt\/kuduhorn\/\",\"name\":\"Kuduhorn - BaKu Trading GmbH\",\"isPartOf\":{\"@id\":\"http:\/\/www.bakutrading.ch\/n\/#website\"},\"primaryImageOfPage\":{\"@id\":\"http:\/\/www.bakutrading.ch\/n\/produkt\/kuduhorn\/#primaryimage\"},\"image\":{\"@id\":\"http:\/\/www.bakutrading.ch\/n\/produkt\/kuduhorn\/#primaryimage\"},\"thumbnailUrl\":\"http:\/\/www.bakutrading.ch\/n\/wp-content\/uploads\/2017\/12\/kudu4.jpg\",\"datePublished\":\"2018-02-07T15:27:12+00:00\",\"dateModified\":\"2020-03-03T12:35:27+00:00\",\"description\":\"Die flammen des Kudus, dabei handelt es sich um die inneren H\u00f6rner eines Kuduhorn. Sie sind von Natur aus weiss und wurden poliert.\",\"breadcrumb\":{\"@id\":\"http:\/\/www.bakutrading.ch\/n\/produkt\/kuduhorn\/#breadcrumb\"},\"inLanguage\":\"de\",\"potentialAction\":[{\"@type\":\"ReadAction\",\"target\":[\"http:\/\/www.bakutrading.ch\/n\/produkt\/kuduhorn\/\"]}]},{\"@type\":\"ImageObject\",\"inLanguage\":\"de\",\"@id\":\"http:\/\/www.bakutrading.ch\/n\/produkt\/kuduhorn\/#primaryimage\",\"url\":\"http:\/\/www.bakutrading.ch\/n\/wp-content\/uploads\/2017\/12\/kudu4.jpg\",\"contentUrl\":\"http:\/\/www.bakutrading.ch\/n\/wp-content\/uploads\/2017\/12\/kudu4.jpg\",\"width\":4885,\"height\":2293},{\"@type\":\"BreadcrumbList\",\"@id\":\"http:\/\/www.bakutrading.ch\/n\/produkt\/kuduhorn\/#breadcrumb\",\"itemListElement\":[{\"@type\":\"ListItem\",\"position\":1,\"name\":\"Startseite\",\"item\":\"http:\/\/www.bakutrading.ch\/n\/\"},{\"@type\":\"ListItem\",\"position\":2,\"name\":\"Shop\",\"item\":\"http:\/\/www.bakutrading.ch\/n\/shop\/\"},{\"@type\":\"ListItem\",\"position\":3,\"name\":\"Kuduhorn\"}]},{\"@type\":\"WebSite\",\"@id\":\"http:\/\/www.bakutrading.ch\/n\/#website\",\"url\":\"http:\/\/www.bakutrading.ch\/n\/\",\"name\":\"BaKu Trading GmbH\",\"description\":\"BaKu Trading GmbH\",\"potentialAction\":[{\"@type\":\"SearchAction\",\"target\":{\"@type\":\"EntryPoint\",\"urlTemplate\":\"http:\/\/www.bakutrading.ch\/n\/?s={search_term_string}\"},\"query-input\":{\"@type\":\"PropertyValueSpecification\",\"valueRequired\":true,\"valueName\":\"search_term_string\"}}],\"inLanguage\":\"de\"}]}<\/script>\n<!-- \/ Yoast SEO plugin. -->","yoast_head_json":{"title":"Kuduhorn - BaKu Trading GmbH","description":"Die flammen des Kudus, dabei handelt es sich um die inneren H\u00f6rner eines Kuduhorn. Sie sind von Natur aus weiss und wurden poliert.","robots":{"index":"index","follow":"follow","max-snippet":"max-snippet:-1","max-image-preview":"max-image-preview:large","max-video-preview":"max-video-preview:-1"},"canonical":"http:\/\/www.bakutrading.ch\/n\/produkt\/kuduhorn\/","og_locale":"de_DE","og_type":"article","og_title":"Kuduhorn - BaKu Trading GmbH","og_description":"Die flammen des Kudus, dabei handelt es sich um die inneren H\u00f6rner eines Kuduhorn. Sie sind von Natur aus weiss und wurden poliert.","og_url":"http:\/\/www.bakutrading.ch\/n\/produkt\/kuduhorn\/","og_site_name":"BaKu Trading GmbH","article_modified_time":"2020-03-03T12:35:27+00:00","og_image":[{"width":1024,"height":481,"url":"http:\/\/www.bakutrading.ch\/n\/wp-content\/uploads\/2017\/12\/kudu4-1024x481.jpg","type":"image\/jpeg"}],"twitter_misc":{"Gesch\u00e4tzte Lesezeit":"1\u00a0Minute"},"schema":{"@context":"https:\/\/schema.org","@graph":[{"@type":"WebPage","@id":"http:\/\/www.bakutrading.ch\/n\/produkt\/kuduhorn\/","url":"http:\/\/www.bakutrading.ch\/n\/produkt\/kuduhorn\/","name":"Kuduhorn - BaKu Trading GmbH","isPartOf":{"@id":"http:\/\/www.bakutrading.ch\/n\/#website"},"primaryImageOfPage":{"@id":"http:\/\/www.bakutrading.ch\/n\/produkt\/kuduhorn\/#primaryimage"},"image":{"@id":"http:\/\/www.bakutrading.ch\/n\/produkt\/kuduhorn\/#primaryimage"},"thumbnailUrl":"http:\/\/www.bakutrading.ch\/n\/wp-content\/uploads\/2017\/12\/kudu4.jpg","datePublished":"2018-02-07T15:27:12+00:00","dateModified":"2020-03-03T12:35:27+00:00","description":"Die flammen des Kudus, dabei handelt es sich um die inneren H\u00f6rner eines Kuduhorn. Sie sind von Natur aus weiss und wurden poliert.","breadcrumb":{"@id":"http:\/\/www.bakutrading.ch\/n\/produkt\/kuduhorn\/#breadcrumb"},"inLanguage":"de","potentialAction":[{"@type":"ReadAction","target":["http:\/\/www.bakutrading.ch\/n\/produkt\/kuduhorn\/"]}]},{"@type":"ImageObject","inLanguage":"de","@id":"http:\/\/www.bakutrading.ch\/n\/produkt\/kuduhorn\/#primaryimage","url":"http:\/\/www.bakutrading.ch\/n\/wp-content\/uploads\/2017\/12\/kudu4.jpg","contentUrl":"http:\/\/www.bakutrading.ch\/n\/wp-content\/uploads\/2017\/12\/kudu4.jpg","width":4885,"height":2293},{"@type":"BreadcrumbList","@id":"http:\/\/www.bakutrading.ch\/n\/produkt\/kuduhorn\/#breadcrumb","itemListElement":[{"@type":"ListItem","position":1,"name":"Startseite","item":"http:\/\/www.bakutrading.ch\/n\/"},{"@type":"ListItem","position":2,"name":"Shop","item":"http:\/\/www.bakutrading.ch\/n\/shop\/"},{"@type":"ListItem","position":3,"name":"Kuduhorn"}]},{"@type":"WebSite","@id":"http:\/\/www.bakutrading.ch\/n\/#website","url":"http:\/\/www.bakutrading.ch\/n\/","name":"BaKu Trading GmbH","description":"BaKu Trading GmbH","potentialAction":[{"@type":"SearchAction","target":{"@type":"EntryPoint","urlTemplate":"http:\/\/www.bakutrading.ch\/n\/?s={search_term_string}"},"query-input":{"@type":"PropertyValueSpecification","valueRequired":true,"valueName":"search_term_string"}}],"inLanguage":"de"}]}},"_links":{"self":[{"href":"http:\/\/www.bakutrading.ch\/n\/wp-json\/wp\/v2\/product\/9691","targetHints":{"allow":["GET"]}}],"collection":[{"href":"http:\/\/www.bakutrading.ch\/n\/wp-json\/wp\/v2\/product"}],"about":[{"href":"http:\/\/www.bakutrading.ch\/n\/wp-json\/wp\/v2\/types\/product"}],"replies":[{"embeddable":true,"href":"http:\/\/www.bakutrading.ch\/n\/wp-json\/wp\/v2\/comments?post=9691"}],"wp:featuredmedia":[{"embeddable":true,"href":"http:\/\/www.bakutrading.ch\/n\/wp-json\/wp\/v2\/media\/9621"}],"wp:attachment":[{"href":"http:\/\/www.bakutrading.ch\/n\/wp-json\/wp\/v2\/media?parent=9691"}],"wp:term":[{"taxonomy":"product_brand","embeddable":true,"href":"http:\/\/www.bakutrading.ch\/n\/wp-json\/wp\/v2\/product_brand?post=9691"},{"taxonomy":"product_cat","embeddable":true,"href":"http:\/\/www.bakutrading.ch\/n\/wp-json\/wp\/v2\/product_cat?post=9691"},{"taxonomy":"product_tag","embeddable":true,"href":"http:\/\/www.bakutrading.ch\/n\/wp-json\/wp\/v2\/product_tag?post=9691"}],"curies":[{"name":"wp","href":"https:\/\/api.w.org\/{rel}","templated":true}]}}